 is the units digit of k(f)?
4
Let b = 8 - 2. Suppose -b*a + 99 = -9*a. Let f = -15 - a. What is the tens digit of f?
1
Suppose a - 4 + 17 = -4*y, -5*y = -5*a + 10. What is the tens digit of (-1)/(-3) + y*1810/(-45)?
2
Suppose 3*l - 597 = -3*t, 2*t + 4*l = l + 400. What is the units digit of t?
7
Let u(r) be the third derivative of r**6/120 + r**5/15 - r**4/6 - 4*r**3/3 + 35*r**2. What is the units digit of u(5)?
7
Let y(z) = 14*z**2. Let o be y(-1). Suppose -18 = -3*c + 2*r, r - 10 = -4*c + o. Suppose -c*b + 2*b + 132 = 0. What is the tens digit of b?
3
What is the hundreds digit of 5/(15/2892) + (-24)/4?
9
Let a = -32 + 58. Let b be 4/(-16) - (-204)/(-16). Let d = a + b. What is the tens digit of d?
1
Let s = -6666 + 12268. What is the tens digit of s?
0
Let h(z) = z**2 - 5*z + 8. Let w be h(4). Suppose 5*s + 26 = w*a, -13 - 10 = -3*a + 2*s. What is the units digit of a?
9
Let d(r) = 1685*r + 76. What is the thousands digit of d(1)?
1
Let y(o) be the second derivative of -7*o**5/120 - 7*o**4/12 - 5*o**3/6 - 3*o. Let z(r) be the second derivative of y(r). What is the units digit of z(-6)?
8
Let o(p) = -2*p + 25. Let l be o(3). Suppose 8*c + 2024 = l*c. What is the hundreds digit of c?
1
Let f(g) = g**3 + 11*g**2 - 4*g + 4. Let n be f(-11). Let h = n + 27. What is the units digit of h?
5
What is the units digit of -1 + 8/3 + (-3202)/(-3)?
9
What is the hundreds digit of -7 + 2 - (-251 + -15)?
2
Let f = -12 + 14. Let z be 20/(-15)*(-15)/f. What is the units digit of (z - -4) + -1 + 3?
6
Let l = 2 + -2. Suppose -2*q - 2*q + 200 = l. Suppose -2*v + 0*v + 3*d = -q, 3*d = v - 31. What is the tens digit of v?
1
Suppose 6*u - 39 = 4*u + 5*r, 0 = -3*u - 2*r + 11. Suppose 5*l = u*l - 4. Suppose -h - 16 = -l*h. What is the units digit of h?
6
Suppose -3*i + 3*h + 69 = 0, -4*h = 2*i - 8 - 20. What is the units digit of i/(-8)*4/(-10)?
1
What is the tens digit of (-3)/(-1) - (-343 - 28/(-7))?
4
Let y be (-815)/(-2) - (-3)/6. Suppose -2*q - 2*q = y. What is the units digit of (q/30)/(2/(-10))?
7
Let d(b) = -b**3 + 18*b**2 - 10*b - 18. What is the units digit of d(9)?
1
What is the hundreds digit of -1*-3*(-2045)/(-15)?
4
Suppose 0*v - 176 = 2*s - 2*v, s = 5*v - 80. What is the units digit of (s/(-4))/(12/32)?
0
Let c = 24 + -14. Suppose c + 5 = 3*p. What is the units digit of p?
5
Let o be 1/(-2)*(1 + -5). Let y = -652 + 652. Suppose o*x - x - 45 = y. What is the units digit of x?
5
Suppose -28*s + 38*s - 40960 = 0. What is the units digit of s?
6
Let y(b) = -40*b + 663. What is the tens digit of y(0)?
6
Let z = 1 - -4. Suppose 0 = z*h + 4 + 41. What is the tens digit of (-300)/h + (-1)/3?
3
Suppose -6*t + 18 = -8*t. Let f be t - -13 - (-1 - 1). Suppose f*h = 9*h - 141. What is the tens digit of h?
4
Let y(o) = 5*o**3 - 14*o**2 + o - 8. Let u(s) = 4*s**3 - 13*s**2 + s - 8. Let l(w) = 4*u(w) - 3*y(w). What is the tens digit of l(11)?
2
Let i(a) = 2*a**2 - 5*a. Suppose 4*m = 4*q - 0*q + 24, 2*q - 8 = -2*m. Let s be i(m). Suppose 3*w - 29 - s = 0. What is the units digit of w?
8
Suppose -5*c + 5*h + 165 = 0, -h - 95 = -5*c + 2*c. Let u = 21 + c. What is the tens digit of u?
5
Suppose -1401 = -6*y - 525. What is the units digit of y?
6
Suppose -34642 = -85*m - 982. What is the units digit of m?
6
Let y be ((10 - (-1 + 5)) + -4)*-13. Let l be 1 + -31 - -2*1. Let o = y - l. What is the units digit of o?
2
Let m(x) = -53*x + 276. What is the hundreds digit of m(-7)?
6
What is the units digit of (-6108*(-16)/240)/(4/10)?
8
Let d(z) = -4*z - 6. Let o be -10*2*(-2)/10. Let s be -3 - (o - (3 + -3)). What is the units digit of d(s)?
2
Let j(r) = 4*r**3 - 3*r**2 + 4*r - 137. Let s(w) = 3*w**3 - 2*w**2 - 106 + w**2 + 15 + 3*w - w**2. Let o(k) = -5*j(k) + 7*s(k). What is the units digit of o(0)?
8
Let l(k) = -4*k - 10. Let z = 12 + -20. Let g be l(z). Let q = g - 9. What is the tens digit of q?
1
Let p be 8/1 - (0 - -5). Let k(x) = 26*x**2 + 2*x - 11. What is the tens digit of k(p)?
2
Let h = 4684 - 2479. What is the tens digit of h?
0
Suppose 252 + 20 = -p. What is the tens digit of ((-1)/(-2))/((-8)/p)?
1
Let q be (-3)/4*-4*3. Suppose 12*v - 312 = q*v. What is the hundreds digit of v?
1
Let w(g) = g**3 - 5*g**2 - 4*g - 8. Let o be w(6). What is the units digit of 21 - (o + (-3 - 1))?
1
Suppose 5*z + 15 = 5*r, -6*z - 5 = 3*r - 2*z. What is the hundreds digit of (-2955)/(-10) + (r/2)/1?
2
Let c be (-3)/2 + (-169)/(-26). Suppose 3*x = c*i - 200, 4*x = 18 + 2. What is the tens digit of i?
4
Let v = 115 - -897. What is the tens digit of v?
1
Suppose -2*q = 3*q. Suppose -7 = 2*j + 2*d + 3*d, 2*d - 10 = -4*j. What is the tens digit of (q - j)/(8/(-68))?
3
Let q(s) = s**3 + 8*s**2. Suppose v + 3*v + 32 = 0. Let x be q(v). Suppose x*r + 2*r - 14 = 0. What is the units digit of r?
7
Suppose 0 = -d + 3*d - 6. Let v(q) be the third derivative of 11*q**4/24 - 7*q**3/6 - 11*q**2. What is the units digit of v(d)?
6
Suppose -4*h - 19 + 3 = 0. What is the units digit of (-406)/h*(-3 + 1)*-1?
3
Let w = 309 - 1. What is the tens digit of w?
0
Suppose 0 = 11*m - 6*m. Suppose 2*w - 17 - 17 = m. What is the units digit of w?
7
Suppose 0 = -28*j + 4647 + 11425. What is the units digit of j?
4
Suppose -2*t = 2*u + 616 - 1610, u - 1483 = -3*t. What is the hundreds digit of t?
4
Suppose 31*r - 14993 = -2624. What is the units digit of r?
9
Let x(b) be the second derivative of b**4/3 + 13*b**3/6 - 3*b**2/2 - 10*b. What is the units digit of x(-4)?
9
Suppose -3*l = x - 1095, 7*x - l = 12*x - 5447. What is the tens digit of x?
8
Suppose -4*s = 2*b + 3*b, -2*s = 10. Suppose 2*p + 4*f = 2, -6 = 5*p - 5*f + b. What is the tens digit of -2 - (-13 - 2 - p)?
1
Let z(s) = 6*s**2 - 8*s + 0*s - 9 - 7*s**2 - 6*s. Let m be z(-12). Let a = m + -10. What is the units digit of a?
5
Let u(h) = 0*h - 12*h - 4*h + 2. What is the units digit of u(-1)?
8
Let d(b) = b**2 + 14*b + 12. Let a(t) = t**3 + 6*t**2 + 2*t - 2. Let l = -15 + 9. Let q be a(l). What is the tens digit of d(q)?
1
Let q = -15 - -3. Let j be (114/q)/(2/(-36)). Suppose j = 3*z + 5*t, z = -2*t + 67 - 10. What is the tens digit of z?
5
Suppose -48 = -0*d + 6*d. Let f = d + 13. Let u(o) = 2*o**2 - o + 7. What is the tens digit of u(f)?
5
Let z = 0 - -13. Let t = -16 + z. Let c = t - -6. What is the units digit of c?
3
Suppose -80 = -16*o + 6*o. What is the units digit of (-7692)/(-84) - (-1 + o/14)?
2
Let y be 14/(-2 - 44/(-20)). Suppose 2*p - p = y. What is the units digit of p?
0
Let j be ((-48)/9 - -6) + (-20)/3. What is the hundreds digit of 72*2 + j + 2?
1
Let b = 39 - 36. What is the units digit of (-945)/(-20) - b/(-4)?
8
Suppose 0 = 3*v - 3*q - 5535, 10*q + 9240 = 5*v + 8*q. What is the hundreds digit of v?
8
Let s be (-1)/(((-6)/4)/3*1). Suppose s*i - 98 - 40 = 0. What is the tens digit of i?
6
Let c = -785 + 1628. What is the tens digit of c?
4
What is the hundreds digit of (2 - (-31020)/21) + (-1)/7?
4
Let o be -2 + 3 + 8 - 4. Suppose -o*b + 5*c = 58 + 12, -5*b - 20 = 5*c. What is the units digit of 84/b*-3*2?
6
Let j = 134 - 11. What is the units digit of j?
3
Let u be (-20)/(-7)*21/6. Let z = u + -8. Suppose -10 = i - z*i. What is the units digit of i?
0
Let l be 3/(-6) + 852/8. Let c = -72 + l. What is the units digit of c?
4
Let n(a) = a**3 + 18*a**2 - 19*a + 3. Let f be n(-19). Suppose -k + 4 = 0, 3*k - 225 = -f*h + 12. What is the units digit of h?
5
Let s be (2/3)/(2/(-12)). Let j = 18 + s. What is the tens digit of j/105 - (-1136)/30?
3
Let h = 397 - 175. Suppose -z = 2*z - h. What is the tens digit of z?
7
Let y = -15 - -30. What is the units digit of ((-45)/y)/((-3)/22)?
2
Suppose 3*s = d - 17, 4*d - 8 = -0. What is the tens digit of ((-725)/(-4))/1 + s/20?
8
Let n(d) = d - 11. Let z be n(15). Let a be (2/z)/((-5)/(-100)). Suppose -37 + a = -3*v. What is the units digit of v?
9
Let f(d) = -2*d**2 - 12*d - 1. Let i(u) = -u**2 - u. Let n(t) = -f(t) + 3*i(t). Let r be (4/(-6))/((-16)/120). What is the units digit of n(r)?
1
Let o be -2 + -3 - (-5)/1. Suppose o = 12*c - 3*c - 270. What is the units digit of c?
0
Suppose 0 = -4*s - q - q + 40, q = s - 4. Suppose 0*w = s*w - 136. What is the tens digit of w?
1
Let b(u) = -u - 6. Let f be b(-12). Let r be (6/5)/(f/200). Suppose 0 = -6*s + 2*s + r. What is the tens digit of s?
1
Suppo